alculate the remainder when 6 is divided by i.
0
Suppose 4*u + 27 = 63. What is the remainder when 16 is divided by u?
7
Let x(m) = -3*m**3 - 5*m**2 - 3*m - 1. Let b be x(-3). Suppose q + 3*n = 35, -q - 11 + b = n. What is the remainder when q is divided by 11?
10
Let v = 43 - -6. What is the remainder when v is divided by ((-12)/36)/((-2)/102)?
15
Let w be (-1 + 4 + -3)/(-1). Suppose 2*q + w = 4. Calculate the remainder when 3 is divided by q.
1
Suppose 2*z + 24 = 6*z. Suppose 2*s = s + z. What is the remainder when 9 is divided by s?
3
Let p(o) = -o**3 + 5*o**2 - 3*o - 1. Suppose -3*z + 20 = z. What is the remainder when z is divided by p(4)?
2
Let h(x) = 10*x. Let p be h(-3). Calculate the remainder when 58 is divided by (-2)/(((-9)/p)/(-3)).
18
Let l(q) = q**2 + q + 3. What is the remainder when l(-2) is divided by 3?
2
Let p be (-2 + 5)/((-2)/6). What is the remainder when 6/p + (-152)/(-3) is divided by 13?
11
Let x = 3 - -44. Calculate the remainder when 187 is divided by x.
46
Let j = 491 - 476. Let w(l) be the first derivative of 29*l**3/3 - l + 1. What is the remainder when w(-1) is divided by j?
13
Suppose 4 - 56 = -2*u. Calculate the remainder when u is divided by 15.
11
Suppose -4*j - j + 45 = 0. Suppose 0 = -0*o + o - 12. Suppose -o = -u - u. What is the remainder when j is divided by u?
3
Let a = -22 - -54. What is the remainder when a is divided by 9?
5
What is the remainder when 82 is divided by (12/30)/((-2)/(-140))?
26
Let z = 47 - 32. Let l(a) = 6*a**2 - a. Calculate the remainder when l(-3) is divided by z.
12
Let p(w) = 8*w + 6. What is the remainder when 37 is divided by p(1)?
9
Let w(c) = 2*c - 7. Let p(k) = 2*k - 7. Let v(r) = -3*p(r) + 4*w(r). Calculate the remainder when (4 + 0)*34/8 is divided by v(8).
8
Suppose 147 = 2*a + a. Let r be (-4865)/a + 2/7. Let q = -70 - r. Calculate the remainder when q is divided by 15.
14
Let m(c) = 2*c - 3. Let d be m(4). Suppose d*a = -2*r - r + 127, -5*a = 4*r - 131. What is the remainder when a is divided by 12?
11
Let t(c) = c**2 + 7*c + 2. Calculate the remainder when 57 is divided by t(-9).
17
Calculate the remainder when ((-21)/(-6))/(2/8) is divided by 4.
2
Let j = -131 + -63. Let w = -113 - j. Suppose 12 + w = 3*v. Calculate the remainder when v is divided by 11.
9
Let t = -52 + 131. What is the remainder when t is divided by 16?
15
Let h(f) = -2*f**3 - 5*f**2 + 3*f + 1. Calculate the remainder when 72 is divided by h(-4).
35
Suppose -5*g - 6 = -10*g + 2*n, 3*n = -2*g + 10. Let p(j) = -1 + j**3 - 2 - 2*j**g + 4 + 3*j. What is the remainder when p(3) is divided by 7?
5
Let s(a) be the third derivative of a**6/120 - a**5/20 - a**4/24 - 5*a**3/6 - 2*a**2. What is the remainder when 25 is divided by s(4)?
4
Let u = 13 - -3. Calculate the remainder when u is divided by 9.
7
Suppose 124 = -15*c + 19*c. What is the remainder when 90 is divided by c?
28
Let x(v) = v**2 + 5*v - 10. Let w be x(-7). Suppose 7*d - w*d = 138. What is the remainder when d is divided by 24?
22
Let i = 2 + 5. Suppose 0 = -3*h + 1 - i. Calculate the remainder when 40 is divided by 4*(h - (-22)/4).
12
Calculate the remainder when 27 - 3/(3/(-5)) is divided by 10.
2
Let a(s) = -4*s**2 + 28*s + 2. What is the remainder when 4 is divided by a(7)?
0
Let y(n) = -6*n - 7. Let s be y(-5). Let b be 2/11 + 1116/396. Suppose 3*j + c = 9, b*j - c - s = -2*j. Calculate the remainder when 14 is divided by j.
2
Let h = 32 + 23. Suppose 3*d = h - 13. Calculate the remainder when 82*4/(-40)*-5 is divided by d.
13
Let u = 7 + -4. Suppose -4*n + u = -3*n. Calculate the remainder when 5 is divided by n.
2
Suppose 4*b + 0 = 4. Suppose 5*o + 70 - 300 = 0. Calculate the remainder when o is divided by 14 + 1 - (0 - b).
14
Calculate the remainder when 4/(-6) + (-371)/(-21) is divided by 10.
7
Suppose 47 = -3*r - 13. Let u = 10 + r. What is the remainder when (11 - 1)/(-2)*u is divided by 17?
16
Let o(x) = -x + 32. Calculate the remainder when o(9) is divided by 15.
8
Let b = 885 - 3255. Let m be (-8)/32 - b/8. Suppose 4*v + m = 8*v. What is the remainder when v is divided by 25?
24
Suppose 4*t + 0 = 16. Suppose -t*g - 1 = -137. Calculate the remainder when g is divided by (10 - 1) + 1 - 1.
7
Suppose -2*y + y + 4*t + 9 = 0, 5*y - 45 = -4*t. Suppose -3*x - 4 = x. What is the remainder when -2*(28/(-4) + x) is divided by y?
7
Suppose 9*n = 7*n + 202. Calculate the remainder when n is divided by 26.
23
Let o(c) = -c**3 + 9*c**2 + c - 6. Let i be o(9). Suppose -i*k + 2*k = -20. What is the remainder when k is divided by 7?
6
Let y be (-10)/((15/(-6))/5). Let d = y - 1. Calculate the remainder when 56 is divided by d.
18
Let m(q) = q - 1. Let c = 42 + -31. Calculate the remainder when c is divided by m(7).
5
Let q = -85 + 136. What is the remainder when 253 is divided by q?
49
Suppose 6 + 6 = 4*v - u, -2*v + u + 4 = 0. Suppose 0 = -3*q + 3*c + 3, 4*q + c - 2*c = 19. What is the remainder when q is divided by v?
2
Let s = -71 - -110. Calculate the remainder when s is divided by 4/(-14) + (-144)/(-14).
9
Let c(b) = b**2 - b - 11. What is the remainder when c(8) is divided by 16?
13
What is the remainder when ((-468)/(-182))/(1 + (-6)/7) is divided by 4?
2
Let w(z) = 2*z + 1. Let b be w(-1). Let q = 39 - b. What is the remainder when q is divided by 14?
12
Calculate the remainder when 38 is divided by 15/6*(-32)/(-10).
6
Suppose 9*x = 13*x - 384. What is the remainder when x is divided by 9?
6
Let g = -3 - -13. Let z = 22 + 7. What is the remainder when z is divided by g?
9
Let c = -17 + 38. Suppose -2*d = -0*d - 6. Suppose 0 = 8*w - d*w - 305. What is the remainder when w is divided by c?
19
Suppose -2*o = -4*o - 16. Let w = o + 6. Calculate the remainder when 7 is divided by (w + 1)/((-1)/4).
3
Let x = 49 - -22. What is the remainder when x is divided by 24?
23
What is the remainder when (156/30 - 4)*35 is divided by 24?
18
Let y(a) = -a**3 - 10*a**2 - a + 3. What is the remainder when 22 is divided by y(-10)?
9
Suppose -3*g - 158 + 488 = 0. Suppose -5*z - 68 = -273. What is the remainder when z is divided by 1/4 - g/(-8)?
13
Suppose -86 = -4*f - 5*u, 0 = -3*f + 2*u + 56 - 3. What is the remainder when 74 is divided by f?
17
Let j = 26 - 15. What is the remainder when 73 is divided by j?
7
Let o(u) = 2*u**2 - 3*u - 7. Calculate the remainder when o(6) is divided by 17.
13
Let v(s) = -7*s - 5 + 5*s + 12*s + s**2 - 5. What is the remainder when 1 is divided by v(-11)?
0
Suppose -293 = -3*t - t + y, -t + 4*y + 92 = 0. What is the remainder when t is divided by 19?
15
Let w(d) be the third derivative of -d**6/120 + 7*d**5/60 - d**4/6 - 5*d**3/6 + d**2. Calculate the remainder when w(4) is divided by 15.
12
Let s(v) = -v**2 - 8*v + 2. Let x(f) = f**2 - 3*f - 3. What is the remainder when s(-4) is divided by x(-2)?
4
Let c be 0*(0 - (-4)/(-8)). What is the remainder when 30 is divided by (c/(-2) + -4)*-2?
6
Let f be (2/2)/(1/2). Let x = -26 - -37. Calculate the remainder when f*(-21)/(-8)*4 is divided by x.
10
Let n = 13 + 1. What is the remainder when 39 is divided by n?
11
Let d = -8 + 4. Let p be 46/d + (-3)/2. Let w = -1 - p. Calculate the remainder when 35 is divided by w.
11
What is the remainder when ((-2)/(-4))/(3/54) is divided by 5?
4
Let n be (3/4)/(3/8). Let b(a) = 8*a - 5. What is the remainder when 42 is divided by b(n)?
9
Let g be ((-55)/(-25))/(2/10). Let z = g + 13. Calculate the remainder when 70 is divided by z.
22
Let i = 31 + -4. Let w = i + -13. What is the remainder when 40 is divided by w?
12
Let t(s) be the first derivative of s**3/3 + 5*s**2/2 + 8*s - 1. Calculate the remainder when t(-6) is divided by 5.
4
Let l(j) = -6*j. Let t be l(-3). Suppose 4*b = 2*b + t. Calculate the remainder when b is divided by 6.
3
Let b(r) = 2*r**2 + 10*r + 3. Let p(h) = -h**2 - 3*h - 1. Let m(z) = -3*b(z) - 8*p(z). What is the remainder when m(5) is divided by 10?
9
Suppose 0 = 2*s - 2*y - y - 507, 3*s - y = 750. Suppose -2*r = -5*r + s. Suppose 0 = 4*w + 15 - r. What is the remainder when w is divided by 9?
8
Suppose -2*l = -4*s - s - 36, 3*l = 9. Let d = -4 - s. Suppose d*i = -i + 39. Calculate the remainder when i is divided by 7.
6
Suppose 2*l - 17 = -4*v - v, 5*l + 2*v = 11. What is the remainder when 1 is divided by l?
0
Suppos